{"id":4533,"date":"2022-01-19T12:46:34","date_gmt":"2022-01-19T11:46:34","guid":{"rendered":"https:\/\/www.stamping-fairies.de\/blog\/?page_id=4533"},"modified":"2025-07-03T11:27:07","modified_gmt":"2025-07-03T09:27:07","slug":"unser-designteam","status":"publish","type":"page","link":"https:\/\/www.stamping-fairies.de\/blog\/unser-designteam\/","title":{"rendered":"Unser Designteam"},"content":{"rendered":"\n<div class=\"wp-block-columns is-layout-flex wp-container-core-columns-is-layout-9d6595d7 wp-block-columns-is-layout-flex\">\n<div class=\"wp-block-column is-layout-flow wp-block-column-is-layout-flow\" style=\"flex-basis:33.33%\"><div class=\"wp-block-image\">\n<figure class=\"aligncenter size-full\"><img loading=\"lazy\" decoding=\"async\" width=\"692\" height=\"960\" src=\"https:\/\/www.stamping-fairies.de\/blog\/wp-content\/uploads\/2022\/02\/Sabrina-Bild.jpg\" alt=\"\" class=\"wp-image-4921\" srcset=\"https:\/\/www.stamping-fairies.de\/blog\/wp-content\/uploads\/2022\/02\/Sabrina-Bild.jpg 692w, https:\/\/www.stamping-fairies.de\/blog\/wp-content\/uploads\/2022\/02\/Sabrina-Bild-216x300.jpg 216w\" sizes=\"auto, (max-width: 692px) 100vw, 692px\" \/><\/figure>\n<\/div><\/div>\n\n\n\n<div class=\"wp-block-column is-layout-flow wp-block-column-is-layout-flow\" style=\"flex-basis:66.66%\">\n<p>Ich bin Sabrina und lebe mit Freund und Katze in Bayern, genauer gesagt in Augsburg. Gelernt bin ich Altenpflegerin, arbeite nun aber schon seit drei Jahren nur noch passiv in der Pflege beim medizinischen Dienst. Zum Basteln habe ich vor ca. drei Jahren angefangen. Das kam eigentlich dadurch, dass ich in einem Gesch\u00e4ft immer so tolles Designpapier gesehen habe und mir dann irgendwann dachte, ich nehme es mit und finde raus, was man damit alles machen kann. Und hier bin ich jetzt. Ich arbeite \u00fcberwiegend mit Papier, Stempeln und Stanzen, mache daraus Karten, Verpackungen, ATC&#8217;s und Co. Mit dem Plotter versch\u00f6nere ich auch gerne Tassen, Vasen und dergleichen. Auch Servietten Technik mache ich ab und an sehr gerne. Einen wirklichen Stil habe ich eigentlich nicht, mir gefallen, viele unterschiedliche Dinge und ich mache, worauf ich gerade Lust habe. Ich finde es auch toll, sich regelm\u00e4\u00dfig neu zu erfinden und neues zu probieren und freue mich daher sehr im Designteam von Stamping-Fairies dabei zu sein und mich kreativ auszuleben.<\/p>\n\n\n\n<p><a href=\"https:\/\/www.instagram.com\/bastel_brina\/\"><strong>Instagram<\/strong><\/a><\/p>\n<\/div>\n<\/div>\n\n\n\n<div class=\"wp-block-columns is-layout-flex wp-container-core-columns-is-layout-9d6595d7 wp-block-columns-is-layout-flex\">\n<div class=\"wp-block-column is-layout-flow wp-block-column-is-layout-flow\" style=\"flex-basis:66.66%\">\n<p>Ich bin Nadine und komme aus dem sch\u00f6nen Nordrhein-Westfalen, n\u00e4he Minden. Dort bin ich mit meinem Sohn und meiner Bulldogge zu Hause. Schon als Kind habe ich gebastelt und gemalt. Anschlie\u00dfend begann ich meine Ausbildung zur Gestaltungstechnischen-Assistentin, die ich leider&nbsp;\u2026&nbsp;und ich bereue es wirklich&nbsp;\u2026&nbsp;nicht zu Ende brachte. Mein Weg ging in die soziale Richtung, in der ich auch immer noch sehr, sehr gl\u00fccklich bin! Trotzdem begleitet mich &#8222;Kreativit\u00e4t&#8220; mein Leben lang und wird auch immer ein Riesen-Teil von mir sein! Diese lebe ich in viele Richtungen aus, angefangen mit Karten basteln, Verpackungen, Atcs, bis zu plotten, verschiedene Materialien gie\u00dfen und restaurieren. Ich liebe einfach die unterschiedlichsten Materialien und probiere gern was Neues aus.<\/p>\n\n\n\n<p>Deshalb freue ich mich auch sehr, dass ich beim Designteam von Stamping Fairies dabei sein darf! Auf eine tolle &amp; kreative Zeit&nbsp;<\/p>\n\n\n\n<p><a href=\"https:\/\/www.instagram.com\/mit.liebe.und.papier\/\"><strong>Instagram<\/strong><\/a><\/p>\n<\/div>\n\n\n\n<div class=\"wp-block-column is-layout-flow wp-block-column-is-layout-flow\" style=\"flex-basis:33.33%\"><div class=\"wp-block-image\">\n<figure class=\"aligncenter size-full\"><img loading=\"lazy\" decoding=\"async\" width=\"859\" height=\"1002\" src=\"https:\/\/www.stamping-fairies.de\/blog\/wp-content\/uploads\/2022\/05\/d6991364-9050-45e0-b0e7-3d2a11e7e183.jpg\" alt=\"\" class=\"wp-image-5946\" srcset=\"https:\/\/www.stamping-fairies.de\/blog\/wp-content\/uploads\/2022\/05\/d6991364-9050-45e0-b0e7-3d2a11e7e183.jpg 859w, https:\/\/www.stamping-fairies.de\/blog\/wp-content\/uploads\/2022\/05\/d6991364-9050-45e0-b0e7-3d2a11e7e183-257x300.jpg 257w, https:\/\/www.stamping-fairies.de\/blog\/wp-content\/uploads\/2022\/05\/d6991364-9050-45e0-b0e7-3d2a11e7e183-768x896.jpg 768w\" sizes=\"auto, (max-width: 859px) 100vw, 859px\" \/><\/figure>\n<\/div><\/div>\n<\/div>\n\n\n\n<div class=\"wp-block-columns is-layout-flex wp-container-core-columns-is-layout-9d6595d7 wp-block-columns-is-layout-flex\">\n<div class=\"wp-block-column is-layout-flow wp-block-column-is-layout-flow\" style=\"flex-basis:33.33%\">\n<figure class=\"wp-block-image size-full is-resized\"><img loading=\"lazy\" decoding=\"async\" width=\"236\" height=\"280\" src=\"https:\/\/www.stamping-fairies.de\/blog\/wp-content\/uploads\/2022\/12\/6DB1911D-E516-4AF5-A15B-C0F9E7C98B29.jpeg\" alt=\"\" class=\"wp-image-7828\"\/><\/figure>\n<\/div>\n\n\n\n<div class=\"wp-block-column is-layout-flow wp-block-column-is-layout-flow\" style=\"flex-basis:66.66%\">\n<p>Hallo, aus M\u00fcnchen und hey There aus Sydney&nbsp;<\/p>\n\n\n\n<p>Ich bin Kati und wohne mit meinem kleinen sowie meinem gro\u00dfen Mann in M\u00fcnchen. Und wieso Sydney? Dort habe ich ein Jahr gelebt und hatte eine unglaublich tolle Zeit, die mich sehr gepr\u00e4gt hat \u2013 Sydney ist also meine zweite Heimat und immer in meinem Herzen dabei. Und weil ich gerne und viel Englisch spreche (das ist beruflich bedingt) ist mein Instagram Account \u00fcbrigens auch auf Englisch&nbsp;&#8230;<\/p>\n\n\n\n<p>Urspr\u00fcnglich wollte ich mal mit Handlettering anfangen, leider hat sich aber herausgestellt, dass ich daf\u00fcr keine Geduld und noch weniger Talent habe. \u00dcber Umwege und viele YouTube-Videos bin ich dann beim Karten basteln gelandet und habe hier mein Hobby gefunden, mit dem ich meine kreative Ader ausleben kann und das f\u00fcr mich gleicherma\u00dfen Ausgleich zum manchmal stressigen Job- und Mama-Alltag ist.<\/p>\n\n\n\n<p>In den letzten Monaten habe ich auch meinen pers\u00f6nlichen Stil gefunden \u2013 nicht zu bunt, nicht zu voll (mal mehr, mal weniger), aber Regenbogenfarben sind immer vertreten! Denn meine Karten und ATC&#8217;s sollen gute Laune verspr\u00fchen&nbsp;<\/p>\n\n\n\n<p>Ich freue mich sehr, das Stamping Fairies Designteam unterst\u00fctzen zu d\u00fcrfen und hoffe, dass ich Euch mit meinen bunten Karten inspirieren kann.&nbsp;<br><\/p>\n\n\n\n<p><a href=\"https:\/\/www.instagram.com\/inlovewith_paperstampsanddies\/\"><strong>Instagram<\/strong><\/a><\/p>\n<\/div>\n<\/div>\n\n\n\n<div class=\"wp-block-columns is-layout-flex wp-container-core-columns-is-layout-9d6595d7 wp-block-columns-is-layout-flex\">\n<div class=\"wp-block-column is-layout-flow wp-block-column-is-layout-flow\" style=\"flex-basis:66.66%\">\n<p>Hallo zusammen. Mein Name ist Lia \u2026 nun ja \u2026 meine Eltern nannten mich Evangelia. Ich komme aus Griechenland, aber die Liebe hat mich nach Deutschland gebracht (mein Mann ist Deutscher)! Seit ich denken kann, habe ich mich immer mit irgendeiner Art von Kunst besch\u00e4ftigt. Ich habe mit meinem Block und meinen Buntstiften begonnen, dann wechselte ich zu Aquarellfarben. Ich stricke und h\u00e4kle auch. Erst als ich nach Deutschland gekommen bin (2017), begann ich mich mit der Kartenherstellung zu besch\u00e4ftigen. Es ist etwas, das ich gerne mache, aber ich hatte immer das Gef\u00fchl, dass etwas fehlt. Bis letzten Sommer (2022), als ich meine allererste Kunstjournalseite erstellt habe. Ich habe mich einfach verliebt! Ich denke, was ich gerne mache, ist das Erstellen von Bildern (\u00e4hnlich wie bei Aquarellen), aber auch die Verwendung verschiedener Materialien, verschiedener Texturen, der Glanzlichter und der Schatten! Ich liebe, was ich tue! Ich muss noch viel lernen, aber zumindest habe ich angefangen!<\/p>\n\n\n\n<p>Ich bin wirklich gl\u00fccklich und dankbar, dass ich die Chance bekommen habe, Teil des Designteams von Stamping-Fairies zu sein! Ich hoffe, dass ich es schaffe, zu inspirieren und inspiriert zu werden und schlie\u00dflich noch mehr zu lernen. Ich bin bereit f\u00fcr dieses Abenteuer!<\/p>\n\n\n\n<p>Ihr k\u00f6nnt mich auf Facebook und Instagram finden.<\/p>\n\n\n\n<p><a href=\"http:\/\/www.facebook.com\/liabart.blogspot\"><strong>Facebook Fan Pages<\/strong><\/a><\/p>\n\n\n\n<p><a href=\"http:\/\/www.facebook.com\/lia.b.127\/\"><strong>Facebook<\/strong><\/a><\/p>\n\n\n\n<p><a href=\"http:\/\/www.instagram.com\/liab.creations\/\"><strong>Instagram<\/strong><\/a><\/p>\n<\/div>\n\n\n\n<div class=\"wp-block-column is-layout-flow wp-block-column-is-layout-flow\" style=\"flex-basis:33.33%\">\n<figure class=\"wp-block-image size-full\"><img loading=\"lazy\" decoding=\"async\" width=\"900\" height=\"900\" src=\"https:\/\/www.stamping-fairies.de\/blog\/wp-content\/uploads\/2023\/01\/16602633_1368018556593579_9218057096550722982_n.jpg\" alt=\"\" class=\"wp-image-8090\" srcset=\"https:\/\/www.stamping-fairies.de\/blog\/wp-content\/uploads\/2023\/01\/16602633_1368018556593579_9218057096550722982_n.jpg 900w, https:\/\/www.stamping-fairies.de\/blog\/wp-content\/uploads\/2023\/01\/16602633_1368018556593579_9218057096550722982_n-300x300.jpg 300w, https:\/\/www.stamping-fairies.de\/blog\/wp-content\/uploads\/2023\/01\/16602633_1368018556593579_9218057096550722982_n-150x150.jpg 150w, https:\/\/www.stamping-fairies.de\/blog\/wp-content\/uploads\/2023\/01\/16602633_1368018556593579_9218057096550722982_n-768x768.jpg 768w, https:\/\/www.stamping-fairies.de\/blog\/wp-content\/uploads\/2023\/01\/16602633_1368018556593579_9218057096550722982_n-75x75.jpg 75w\" sizes=\"auto, (max-width: 900px) 100vw, 900px\" \/><\/figure>\n<\/div>\n<\/div>\n\n\n\n<div class=\"wp-block-columns is-layout-flex wp-container-core-columns-is-layout-9d6595d7 wp-block-columns-is-layout-flex\"><\/div>\n\n\n\n<div class=\"wp-block-columns is-layout-flex wp-container-core-columns-is-layout-9d6595d7 wp-block-columns-is-layout-flex\"><\/div>\n\n\n\n<div class=\"wp-block-columns is-layout-flex wp-container-core-columns-is-layout-9d6595d7 wp-block-columns-is-layout-flex\">\n<div class=\"wp-block-column is-layout-flow wp-block-column-is-layout-flow\" style=\"flex-basis:33.33%\">\n<figure class=\"wp-block-image size-large\"><img loading=\"lazy\" decoding=\"async\" width=\"683\" height=\"1024\" src=\"https:\/\/www.stamping-fairies.de\/blog\/wp-content\/uploads\/2024\/12\/cid8E16C74C-0354-4FDD-A319-089B8946CA3E-683x1024.jpeg\" alt=\"\" class=\"wp-image-13848\" srcset=\"https:\/\/www.stamping-fairies.de\/blog\/wp-content\/uploads\/2024\/12\/cid8E16C74C-0354-4FDD-A319-089B8946CA3E-683x1024.jpeg 683w, https:\/\/www.stamping-fairies.de\/blog\/wp-content\/uploads\/2024\/12\/cid8E16C74C-0354-4FDD-A319-089B8946CA3E-200x300.jpeg 200w, https:\/\/www.stamping-fairies.de\/blog\/wp-content\/uploads\/2024\/12\/cid8E16C74C-0354-4FDD-A319-089B8946CA3E-768x1152.jpeg 768w, https:\/\/www.stamping-fairies.de\/blog\/wp-content\/uploads\/2024\/12\/cid8E16C74C-0354-4FDD-A319-089B8946CA3E-1024x1536.jpeg 1024w, https:\/\/www.stamping-fairies.de\/blog\/wp-content\/uploads\/2024\/12\/cid8E16C74C-0354-4FDD-A319-089B8946CA3E-1365x2048.jpeg 1365w, https:\/\/www.stamping-fairies.de\/blog\/wp-content\/uploads\/2024\/12\/cid8E16C74C-0354-4FDD-A319-089B8946CA3E-1140x1710.jpeg 1140w, https:\/\/www.stamping-fairies.de\/blog\/wp-content\/uploads\/2024\/12\/cid8E16C74C-0354-4FDD-A319-089B8946CA3E-scaled.jpeg 1707w\" sizes=\"auto, (max-width: 683px) 100vw, 683px\" \/><\/figure>\n<\/div>\n\n\n\n<div class=\"wp-block-column is-layout-flow wp-block-column-is-layout-flow\" style=\"flex-basis:66.66%\">\n<p>Ich bin Evi, bin mit einem tollen Mann verheiratet und lebe mit ihm und unseren beiden Jungs im sch\u00f6nen Rheinland-Pfalz. Ich freue mich sehr ein Teil des Stamping fairies Design Teams sein zu d\u00fcrfen und hoffe euch inspirieren zu k\u00f6nnen.&nbsp;<\/p>\n\n\n\n<p>Ich war vor einigen Jahren f\u00fcr ein Work and Travel Jahr in Neuseeland und w\u00e4hrend meines Aufenthalts habe ich mich in all die Bastell\u00e4den dort verliebt und mir meine ersten Stempel gekauft.&nbsp;<\/p>\n\n\n\n<p>Ich liebe es, Karten zu basteln und Scrapbook-Layouts zu gestalten, und weil meine Liebe dazu in Neuseeland begann, ist mein Name auf Instagram ki_wiana.<\/p>\n\n\n\n<p>Kreativ sein ist meine Art, dem Alltag zu entfliehen und den Kopf frei zu bekommen. Ob Filzen, Perlenketten machen, B\u00e4ndchen knoten, Acrylmalerei oder T\u00f6pfern, ich habe schon seit meiner Kindheit einfach an allem Spa\u00df wenn ich ein tolles Ergebnis in den H\u00e4nden halten kann.&nbsp;<\/p>\n\n\n\n<p><a href=\"https:\/\/www.instagram.com\/ki_wiana?igsh=MTZzdXJmYjBnZzYzcA==\">Instagram<\/a><\/p>\n<\/div>\n<\/div>\n\n\n\n<div class=\"wp-block-columns is-layout-flex wp-container-core-columns-is-layout-9d6595d7 wp-block-columns-is-layout-flex\">\n<div class=\"wp-block-column is-layout-flow wp-block-column-is-layout-flow\" style=\"flex-basis:66.66%\">\n<p>Hallo Ihr Lieben!<\/p>\n\n\n\n<p>Mein Name ist Linda und ich komme aus M\u00fcnchen. Schon in der Kindheit war ich kreativ und habe immer neue Dinge ausprobiert, von Seidenmalerei \u00fcber Perlensterne f\u00e4deln war eigentlich alles mit dabei. Eine Freundin sagte einst zu mir: &#8222;Das ist typisch Linda: du siehst etwas, was Dir gef\u00e4llt, und es wird sofort nachgebastelt.&#8220; (Es handelte sich um Wand-Deko in einem Lokal.)<\/p>\n\n\n\n<p>Und dann kam Pinterest: ungeahnte M\u00f6glichkeiten er\u00f6ffneten sich. Ich sah eine magische Maschine namens Big Shot und musste sie unbedingt haben. Das war 2013, als ich eigentlich in der Vorbereitung auf mein Jura-Staatsexamen war, und das Basteln wurde eine willkommene Entspannung vom Lernstress, was sich im Aufbaustudium in der Schweiz und im Referendariat weiter fortsetzte.<\/p>\n\n\n\n<p>In den Jahren darauf entdeckte ich das Bullet Journal und wollte nat\u00fcrlich, dass meins das Sch\u00f6nste ist. Also \u00fcbte ich Hand Lettering, Zeichnen und Aquarellmalerei, Urban Sketching und lernte, wie ich meine eigenen Sticker mit meinem digitalen Plotter herstellen konnte. Tim Holtz kam mit dazu, und saisonale Deko in unserem Haus besteht nun h\u00e4ufig aus idea-ology Produkten. F\u00fcr Karten liebe ich es, meine Copic Marker hervorzukramen und drauf los zu malen. Reisen werden nat\u00fcrlich in eigens daf\u00fcr gebastelten Travel Journals festgehalten.<\/p>\n\n\n\n<p>Wie ihr seht, bei mir ist die Bastelwelt ein Fass ohne Boden, aber es ist das sch\u00f6nste, zauberhafteste, bunteste und glitzerndste Fass, das man sich vorstellen kann, und in das man abtauchen und alles um sich herum vergessen kann, w\u00e4hrend man werkelt und etwas H\u00fcbsches dabei entsteht. Nun habe ich hier die M\u00f6glichkeit, etwas davon mit Euch zu Teilen.&nbsp;<\/p>\n\n\n\n<p>Ihr findet mich auf<a href=\"https:\/\/www.youtube.com\/redirect?event=video_description&amp;redir_token=QUFFLUhqbHhZbTk2R1ZJblRJa3ZsYVhsX1RQTy1JMlZhZ3xBQ3Jtc0tuRlFSZExkQWxOb3p2X05jd1NzM3JWZTctNUZhZk4xNDNydlhWOHBtRk9EQndobnREVmF6dnJ3WUtoaVdHZVdjbXpKZmRuM0JRNkxNelN0dTV1SGdzQktzZlZoT3lvdXhiUm1UWEVkSnpFclNid1A4SQ&amp;q=https%3A%2F%2Fwww.instagram.com%2Flinda.dim%2F&amp;v=lbawpl4BtZM\"> Instagram<\/a> und <a href=\"https:\/\/www.youtube.com\/@lindadi9781\">YouTube<\/a>.<\/p>\n<\/div>\n\n\n\n<div class=\"wp-block-column is-layout-flow wp-block-column-is-layout-flow\" style=\"flex-basis:33.33%\">\n<figure class=\"wp-block-image size-large\"><img loading=\"lazy\" decoding=\"async\" width=\"2560\" height=\"1920\" src=\"https:\/\/www.stamping-fairies.de\/blog\/wp-content\/uploads\/2024\/12\/Foto-Linda-2024-edited-scaled.jpeg\" alt=\"\" class=\"wp-image-13850\" style=\"aspect-ratio:3\/4;object-fit:cover\" srcset=\"https:\/\/www.stamping-fairies.de\/blog\/wp-content\/uploads\/2024\/12\/Foto-Linda-2024-edited-scaled.jpeg 2560w, https:\/\/www.stamping-fairies.de\/blog\/wp-content\/uploads\/2024\/12\/Foto-Linda-2024-edited-300x225.jpeg 300w, https:\/\/www.stamping-fairies.de\/blog\/wp-content\/uploads\/2024\/12\/Foto-Linda-2024-edited-1024x768.jpeg 1024w, https:\/\/www.stamping-fairies.de\/blog\/wp-content\/uploads\/2024\/12\/Foto-Linda-2024-edited-768x576.jpeg 768w, https:\/\/www.stamping-fairies.de\/blog\/wp-content\/uploads\/2024\/12\/Foto-Linda-2024-edited-1536x1152.jpeg 1536w, https:\/\/www.stamping-fairies.de\/blog\/wp-content\/uploads\/2024\/12\/Foto-Linda-2024-edited-2048x1536.jpeg 2048w, https:\/\/www.stamping-fairies.de\/blog\/wp-content\/uploads\/2024\/12\/Foto-Linda-2024-edited-1140x855.jpeg 1140w\" sizes=\"auto, (max-width: 2560px) 100vw, 2560px\" \/><\/figure>\n<\/div>\n<\/div>\n","protected":false},"excerpt":{"rendered":"<p>Ich bin Sabrina und lebe mit Freund und Katze in Bayern, genauer gesagt in Augsburg. Gelernt bin ich Altenpflegerin, arbeite nun aber schon seit drei Jahren nur noch passiv in der Pflege beim medizinischen Dienst. Zum Basteln habe ich vor ca. drei Jahren angefangen. Das kam eigentlich dadurch, dass ich in einem Gesch\u00e4ft immer so tolles Designpapier gesehen habe und mir dann irgendwann dachte, ich nehme es mit und finde raus, was man damit alles machen kann. Und hier bin ich jetzt. Ich arbeite \u00fcberwiegend mit Papier, Stempeln und Stanzen, mache daraus Karten, Verpackungen, ATC&#8217;s und Co. Mit dem Plotter versch\u00f6nere ich auch gerne Tassen, Vasen und dergleichen. Auch Servietten Technik mache ich ab und an sehr gerne. Einen wirklichen Stil habe ich eigentlich nicht, mir gefallen, viele unterschiedliche Dinge und ich mache, worauf ich gerade Lust habe. Ich finde es auch toll, sich regelm\u00e4\u00dfig neu zu erfinden und neues zu probieren und freue mich daher sehr im Designteam von Stamping-Fairies dabei zu sein und mich kreativ auszuleben. Instagram Ich bin Nadine und komme aus dem sch\u00f6nen Nordrhein-Westfalen, n\u00e4he Minden. Dort bin ich mit meinem Sohn und meiner Bulldogge zu Hause. Schon als Kind habe ich gebastelt und gemalt. Anschlie\u00dfend begann ich meine Ausbildung zur Gestaltungstechnischen-Assistentin, die ich leider&nbsp;\u2026&nbsp;und ich bereue es wirklich&nbsp;\u2026&nbsp;nicht zu Ende brachte. Mein Weg ging in die soziale Richtung, in der ich auch immer noch sehr, sehr gl\u00fccklich bin! Trotzdem begleitet mich &#8222;Kreativit\u00e4t&#8220; mein Leben lang und wird auch immer ein Riesen-Teil von mir sein! Diese lebe ich in viele Richtungen aus, angefangen mit Karten basteln, Verpackungen, Atcs, bis zu plotten, verschiedene Materialien gie\u00dfen und restaurieren. Ich liebe einfach die unterschiedlichsten Materialien und probiere gern was Neues aus. Deshalb freue ich mich auch sehr, dass ich beim Designteam von Stamping Fairies dabei sein darf! Auf eine tolle &amp; kreative Zeit&nbsp; Instagram Hallo, aus M\u00fcnchen und hey There aus Sydney&nbsp; Ich bin Kati und wohne mit meinem kleinen sowie meinem gro\u00dfen Mann in M\u00fcnchen. Und wieso Sydney? Dort habe ich ein Jahr gelebt und hatte eine unglaublich tolle Zeit, die mich sehr gepr\u00e4gt hat \u2013 Sydney ist also meine zweite Heimat und immer in meinem Herzen dabei. Und weil ich gerne und viel Englisch spreche (das ist beruflich bedingt) ist mein Instagram Account \u00fcbrigens auch auf Englisch&nbsp;&#8230; Urspr\u00fcnglich wollte ich mal mit Handlettering anfangen, leider hat sich aber herausgestellt, dass ich daf\u00fcr keine Geduld und noch weniger Talent habe. \u00dcber Umwege und viele YouTube-Videos bin ich dann beim Karten basteln gelandet und habe hier mein Hobby gefunden, mit dem ich meine kreative Ader ausleben kann und das f\u00fcr mich gleicherma\u00dfen Ausgleich zum manchmal stressigen Job- und Mama-Alltag ist. In den letzten Monaten habe ich auch meinen pers\u00f6nlichen Stil gefunden \u2013 nicht zu bunt, nicht zu voll (mal mehr, mal weniger), aber Regenbogenfarben sind immer vertreten! Denn meine Karten und ATC&#8217;s sollen gute Laune verspr\u00fchen&nbsp; Ich freue mich sehr, das Stamping Fairies Designteam unterst\u00fctzen zu d\u00fcrfen und hoffe, dass ich Euch mit meinen bunten Karten inspirieren kann.&nbsp; Instagram Hallo zusammen. Mein Name ist Lia \u2026 nun ja \u2026 meine Eltern nannten mich Evangelia. Ich komme aus Griechenland, aber die Liebe hat mich nach Deutschland gebracht (mein Mann ist Deutscher)! Seit ich denken kann, habe ich mich immer mit irgendeiner Art von Kunst besch\u00e4ftigt. Ich habe mit meinem Block und meinen Buntstiften begonnen, dann wechselte ich zu Aquarellfarben. Ich stricke und h\u00e4kle auch. Erst als ich nach Deutschland gekommen bin (2017), begann ich mich mit der Kartenherstellung zu besch\u00e4ftigen. Es ist etwas, das ich gerne mache, aber ich hatte immer das Gef\u00fchl, dass etwas fehlt. Bis letzten Sommer (2022), als ich meine allererste Kunstjournalseite erstellt habe. Ich habe mich einfach verliebt! Ich denke, was ich gerne mache, ist das Erstellen von Bildern (\u00e4hnlich wie bei Aquarellen), aber auch die Verwendung verschiedener Materialien, verschiedener Texturen, der Glanzlichter und der Schatten! Ich liebe, was ich tue! Ich muss noch viel lernen, aber zumindest habe ich angefangen! Ich bin wirklich gl\u00fccklich und dankbar, dass ich die Chance bekommen habe, Teil des Designteams von Stamping-Fairies zu sein! Ich hoffe, dass ich es schaffe, zu inspirieren und inspiriert zu werden und schlie\u00dflich noch mehr zu lernen. Ich bin bereit f\u00fcr dieses Abenteuer! Ihr k\u00f6nnt mich auf Facebook und Instagram finden. Facebook Fan Pages Facebook Instagram Ich bin Evi, bin mit einem tollen Mann verheiratet und lebe mit ihm und unseren beiden Jungs im sch\u00f6nen Rheinland-Pfalz. Ich freue mich sehr ein Teil des Stamping fairies Design Teams sein zu d\u00fcrfen und hoffe euch inspirieren zu k\u00f6nnen.&nbsp; Ich war vor einigen Jahren f\u00fcr ein Work and Travel Jahr in Neuseeland und w\u00e4hrend meines Aufenthalts habe ich mich in all die Bastell\u00e4den dort verliebt und mir meine ersten Stempel gekauft.&nbsp; Ich liebe es, Karten zu basteln und Scrapbook-Layouts zu gestalten, und weil meine Liebe dazu in Neuseeland begann, ist mein Name auf Instagram ki_wiana. Kreativ sein ist meine Art, dem Alltag zu entfliehen und den Kopf frei zu bekommen. Ob Filzen, Perlenketten machen, B\u00e4ndchen knoten, Acrylmalerei oder T\u00f6pfern, ich habe schon seit meiner Kindheit einfach an allem Spa\u00df wenn ich ein tolles Ergebnis in den H\u00e4nden halten kann.&nbsp; Instagram Hallo Ihr Lieben! Mein Name ist Linda und ich komme aus M\u00fcnchen. Schon in der Kindheit war ich kreativ und habe immer neue Dinge ausprobiert, von Seidenmalerei \u00fcber Perlensterne f\u00e4deln war eigentlich alles mit dabei. Eine Freundin sagte einst zu mir: &#8222;Das ist typisch Linda: du siehst etwas, was Dir gef\u00e4llt, und es wird sofort nachgebastelt.&#8220; (Es handelte sich um Wand-Deko in einem Lokal.) Und dann kam Pinterest: ungeahnte M\u00f6glichkeiten er\u00f6ffneten sich. Ich sah eine magische Maschine namens Big Shot und musste sie unbedingt haben. Das war 2013, als ich eigentlich in der Vorbereitung auf mein Jura-Staatsexamen war, und das Basteln wurde eine willkommene Entspannung vom Lernstress, was sich im Aufbaustudium in der Schweiz und im Referendariat weiter fortsetzte. In den Jahren darauf entdeckte ich das Bullet Journal und wollte nat\u00fcrlich, dass meins das Sch\u00f6nste ist. Also \u00fcbte ich Hand Lettering, Zeichnen und Aquarellmalerei, Urban Sketching und lernte, wie ich meine eigenen Sticker mit meinem digitalen Plotter herstellen konnte. Tim Holtz kam mit dazu, und saisonale Deko in unserem Haus besteht nun h\u00e4ufig aus idea-ology Produkten. F\u00fcr Karten liebe ich es, meine Copic Marker hervorzukramen und drauf los zu malen. Reisen werden nat\u00fcrlich in eigens daf\u00fcr gebastelten Travel Journals festgehalten. Wie ihr seht, bei mir ist die Bastelwelt ein Fass ohne Boden, aber es ist das sch\u00f6nste, zauberhafteste, bunteste und glitzerndste Fass, das man sich vorstellen kann, und in das man abtauchen und alles um sich herum vergessen kann, w\u00e4hrend man werkelt und etwas H\u00fcbsches dabei entsteht. Nun habe ich hier die M\u00f6glichkeit, etwas davon mit Euch zu Teilen.&nbsp; Ihr findet mich auf Instagram und YouTube.<\/p>\n","protected":false},"author":1,"featured_media":0,"parent":0,"menu_order":0,"comment_status":"closed","ping_status":"closed","template":"","meta":{"footnotes":""},"class_list":["post-4533","page","type-page","status-publish","hentry"],"_links":{"self":[{"href":"https:\/\/www.stamping-fairies.de\/blog\/wp-json\/wp\/v2\/pages\/4533","targetHints":{"allow":["GET"]}}],"collection":[{"href":"https:\/\/www.stamping-fairies.de\/blog\/wp-json\/wp\/v2\/pages"}],"about":[{"href":"https:\/\/www.stamping-fairies.de\/blog\/wp-json\/wp\/v2\/types\/page"}],"author":[{"embeddable":true,"href":"https:\/\/www.stamping-fairies.de\/blog\/wp-json\/wp\/v2\/users\/1"}],"replies":[{"embeddable":true,"href":"https:\/\/www.stamping-fairies.de\/blog\/wp-json\/wp\/v2\/comments?post=4533"}],"version-history":[{"count":33,"href":"https:\/\/www.stamping-fairies.de\/blog\/wp-json\/wp\/v2\/pages\/4533\/revisions"}],"predecessor-version":[{"id":15185,"href":"https:\/\/www.stamping-fairies.de\/blog\/wp-json\/wp\/v2\/pages\/4533\/revisions\/15185"}],"wp:attachment":[{"href":"https:\/\/www.stamping-fairies.de\/blog\/wp-json\/wp\/v2\/media?parent=4533"}],"curies":[{"name":"wp","href":"https:\/\/api.w.org\/{rel}","templated":true}]}}